{"id":4431,"date":"2025-05-19T10:22:00","date_gmt":"2025-05-19T08:22:00","guid":{"rendered":"https:\/\/www.trabulo.com\/Trabulowp\/?page_id=4431"},"modified":"2025-05-19T10:28:22","modified_gmt":"2025-05-19T08:28:22","slug":"vetements-pro","status":"publish","type":"page","link":"https:\/\/www.trabulo.com\/index.php\/vetements-pro\/","title":{"rendered":"V\u00eatements pro"},"content":{"rendered":"<div class=\"wpb-content-wrapper\"><p>[vc_row content_placement=\u00a0\u00bbmiddle\u00a0\u00bb css=\u00a0\u00bb.vc_custom_1542639509824{padding-top: 75px !important;padding-bottom: 75px !important;}\u00a0\u00bb el_id=\u00a0\u00bbservices\u00a0\u00bb][vc_column offset=\u00a0\u00bbvc_col-md-6&Prime;]<div id=\"ld_images_group_container_69e385470249a\" class=\"liquid-img-group-container ld_images_group_container_69e385470249a\"  >\n\t<div class=\"liquid-img-group-inner\">\n\t\t<div id=\"ld_images_group_element_69e38547026fb\" class=\"liquid-img-group-single ld_images_group_element_69e38547026fb\" data-reveal=\"true\" data-reveal-options='{\"direction\":\"rl\",\"bgcolor\":\"rgb(23, 37, 49)\",\"delay\":\"\"}'>\n\t\n\t\t\n\t<div class=\"liquid-img-group-img-container\">\n\t\t\n\t\t\n\t\t\t\t\n\t\t\t\t<div class=\"liquid-img-container-inner\" >\n\t\t\t<figure ><img loading=\"lazy\" decoding=\"async\" width=\"1939\" height=\"1080\" src=\"data:image\/svg+xml;charset=utf-8,&lt;svg xmlns%3D&#039;http%3A%2F%2Fwww.w3.org%2F2000%2Fsvg&#039; viewBox%3D&#039;0 0 1939 1080&#039;%2F&gt;\" class=\"attachment-full size-full ld-lazyload\" alt=\"\" srcset=\"\" sizes=\"auto, (max-width: 1939px) 100vw, 1939px\" data-src=\"https:\/\/www.trabulo.com\/wp-content\/uploads\/2025\/05\/fourniture-vetements-pro.png\" data-srcset=\"https:\/\/www.trabulo.com\/wp-content\/uploads\/2025\/05\/fourniture-vetements-pro.png 1939w, https:\/\/www.trabulo.com\/wp-content\/uploads\/2025\/05\/fourniture-vetements-pro-300x167.png 300w, https:\/\/www.trabulo.com\/wp-content\/uploads\/2025\/05\/fourniture-vetements-pro-1024x570.png 1024w\" data-aspect=\"1.7953703703704\" \/><\/figure>\t\t\t\t\t<\/div><!-- \/.liquid-img-container-inner -->\n\t\t\n\t<\/div><!-- \/.liquid-img-group-content -->\n<\/div><!-- \/.liquid-img-group-single -->\n\t\n\t<\/div><!-- \/.liquid-img-group-inner -->\n<\/div><!-- \/.liquid-img-group-container -->[\/vc_column][vc_column parallax=\u00a0\u00bbyes\u00a0\u00bb scale_from_x=\u00a0\u00bb1&Prime; scale_from_y=\u00a0\u00bb1&Prime; scale_from_z=\u00a0\u00bb1&Prime; from_opacity=\u00a0\u00bb1&Prime; scale_to_x=\u00a0\u00bb1&Prime; scale_to_y=\u00a0\u00bb1&Prime; scale_to_z=\u00a0\u00bb1&Prime; to_opacity=\u00a0\u00bb1&Prime; enable_content_animation=\u00a0\u00bbyes\u00a0\u00bb ca_init_scale_x=\u00a0\u00bb1&Prime; ca_init_scale_y=\u00a0\u00bb1&Prime; ca_init_scale_z=\u00a0\u00bb1&Prime; ca_init_opacity=\u00a0\u00bb0&Prime; ca_an_scale_x=\u00a0\u00bb1&Prime; ca_an_scale_y=\u00a0\u00bb1&Prime; ca_an_scale_z=\u00a0\u00bb1&Prime; ca_an_opacity=\u00a0\u00bb1&Prime; offset=\u00a0\u00bbvc_col-md-offset-1 vc_col-md-5&Prime; ca_init_translate_y=\u00a0\u00bb39&Prime; translate_from_y=\u00a0\u00bb-58&Prime; translate_to_y=\u00a0\u00bb59&Prime;]<style>.ld_fancy_heading_69e3854707578 h2 {margin-bottom:0px !important;  } .ld_fancy_heading_69e3854707578 .lqd-highlight-inner{height:0.275em;bottom:0px;}.ld_fancy_heading_69e3854707578 h2 {margin-bottom:0px !important;  } <\/style><div class=\"ld-fancy-heading text-uppercase ld_fancy_heading_69e3854707578\">\n\t<h2 class=\"lqd-highlight-underline lqd-highlight-grow-left\" data-fittext=\"true\" data-fittext-options='{\"compressor\":0.5,\"maxFontSize\":\"currentFontSize\",\"minFontSize\":\"\"}'><span class=\"ld-fh-txt\"> V\u00eatements Pro<\/span><\/h2><\/div><style>.ld_spacer_69e385470774c{height:15px;}<\/style>\n<div class=\"ld-empty-space ld_spacer_69e385470774c\"><span class=\"liquid_empty_space_inner\"><\/span><\/div><style>.ld_fancy_heading_69e3854707883 h6{font-size:12px;letter-spacing:0.2em;color:rgb(63, 65, 71);}.ld_fancy_heading_69e3854707883 h6 {margin-top:0px !important;  } .ld_fancy_heading_69e3854707883 .lqd-highlight-inner{height:0.275em;bottom:0px;}.ld_fancy_heading_69e3854707883 h6 {margin-top:0px !important;  } <\/style><div class=\"ld-fancy-heading text-uppercase ld_fancy_heading_69e3854707883\">\n\t<h6 class=\"lqd-highlight-underline lqd-highlight-grow-left\" ><span class=\"ld-fh-txt\"> Nous proposons une large gamme de v\u00eatements professionnels adapt\u00e9s \u00e0 tous les secteurs : BTP, industrie, restauration, sant\u00e9 ou accueil. Alliant confort, s\u00e9curit\u00e9 et image de marque, nos tenues peuvent \u00eatre personnalis\u00e9es (broderie, flocage, DTF) selon vos besoins.<\/span><\/h6><\/div><style>.ld_spacer_69e38547079ad{height:28px;}<\/style>\n<div class=\"ld-empty-space ld_spacer_69e38547079ad\"><span class=\"liquid_empty_space_inner\"><\/span><\/div><style>.ld_fancy_heading_69e3854707ac5 .lqd-highlight-inner{height:0.275em;bottom:0px;}<\/style><div class=\"ld-fancy-heading ld_fancy_heading_69e3854707ac5\">\n\t<p class=\"lqd-highlight-underline lqd-highlight-grow-left\" ><span class=\"ld-fh-txt\"> Nous vous accompagnons dans le choix de tenues adapt\u00e9es \u00e0 votre m\u00e9tier. Que vous soyez dans le b\u00e2timent, la restauration, l&rsquo;h\u00f4tellerie ou le commerce, nous offrons des solutions robustes, confortables et esth\u00e9tiques. Nos gammes couvrent aussi bien les v\u00eatements de travail (pantalons, vestes, EPI) que les tenues d\u2019image (chemises, polos, v\u00eatements d\u2019accueil). Pour renforcer votre identit\u00e9 visuelle, nous proposons des services de personnalisation (broderie, flocage, impression DTF). Faites confiance \u00e0 notre expertise pour \u00e9quiper vos \u00e9quipes avec des v\u00eatements fiables et \u00e0 votre image.<\/span><\/p><\/div><style>.ld_spacer_69e3854707bb9{height:43px;}<\/style>\n<div class=\"ld-empty-space ld_spacer_69e3854707bb9\"><span class=\"liquid_empty_space_inner\"><\/span><\/div><style>.vc_accordion_69e3854707dbd .accordion-title{font-size:15px;font-weight:500;letter-spacing:0.2em;}<\/style><div class=\"accordion accordion-xs accordion-title-underlined vc_accordion_69e3854707dbd\" id=\"vc_accordion_69e3854707dbd\" role=\"tablist\" aria-multiselectable=\"true\">\n\n\t<div class=\"accordion-item panel  \">\n\n\t\t<div class=\"accordion-heading\" role=\"tab\" id=\"heading_1528963630592-47c7b540-a15b\">\n\t\t\t<h4 class=\"accordion-title\">\n\t\t\t\t<a class=\"collapsed\" data-toggle=\"collapse\" data-parent=\"#vc_accordion_69e3854707dbd\" href=\"#1528963630592-47c7b540-a15b\" aria-expanded=\"false\" aria-controls=\"1528963630592-47c7b540-a15b\">\n\t\t\t\t\t\n\t\t\t\t\t\n\t\t\t\t\tV\u00eatements de travail\n\t\t\t\t\t\n\t\t\t\t<\/a>\n\t\t\t\t\n\t\t\t<\/h4>\n\t\t<\/div>\n\n\t\t<div id=\"1528963630592-47c7b540-a15b\" class=\"accordion-collapse collapse\" role=\"tabpanel\" aria-labelledby=\"heading_1528963630592-47c7b540-a15b\">\n\t\t\t<div class=\"accordion-content\">\n\t\t\t<p>[vc_row_inner css=\u00a0\u00bb.vc_custom_1747641897653{padding-top: -20px !important;}\u00a0\u00bb][vc_column_inner width=\u00a0\u00bb11\/12&Prime; offset=\u00a0\u00bbvc_col-md-12&Prime;][vc_column_text css=\u00a0\u00bb\u00a0\u00bb]<\/p>\n<p data-start=\"82\" data-end=\"192\">Destin\u00e9s aux m\u00e9tiers manuels, techniques ou industriels. Cette cat\u00e9gorie inclut :<\/p>\n<p data-start=\"195\" data-end=\"227\">Pantalons et vestes de travail<\/p>\n<p data-start=\"230\" data-end=\"244\">Combinaisons<\/p>\n<p data-start=\"247\" data-end=\"271\">Chaussures de s\u00e9curit\u00e9<\/p>\n<p data-start=\"274\" data-end=\"299\">Gilets haute visibilit\u00e9<\/p>\n<p data-start=\"302\" data-end=\"349\">V\u00eatements norm\u00e9s (anti-feu, anti-coupure, etc.)<\/p>\n<p>[\/vc_column_text][\/vc_column_inner][\/vc_row_inner]<\/p>\n\t\t\t<\/div>\n\t\t<\/div>\n\t<\/div>\n\t<div class=\"accordion-item panel  \">\n\n\t\t<div class=\"accordion-heading\" role=\"tab\" id=\"heading_ld-1528965005956-9b9fe76c-8364\">\n\t\t\t<h4 class=\"accordion-title\">\n\t\t\t\t<a class=\"collapsed\" data-toggle=\"collapse\" data-parent=\"#vc_accordion_69e3854707dbd\" href=\"#ld-1528965005956-9b9fe76c-8364\" aria-expanded=\"false\" aria-controls=\"ld-1528965005956-9b9fe76c-8364\">\n\t\t\t\t\t\n\t\t\t\t\t\n\t\t\t\t\tCorporate &amp; Accueil\n\t\t\t\t\t\n\t\t\t\t<\/a>\n\t\t\t\t\n\t\t\t<\/h4>\n\t\t<\/div>\n\n\t\t<div id=\"ld-1528965005956-9b9fe76c-8364\" class=\"accordion-collapse collapse\" role=\"tabpanel\" aria-labelledby=\"heading_ld-1528965005956-9b9fe76c-8364\">\n\t\t\t<div class=\"accordion-content\">\n\t\t\t<p>[vc_row_inner css=\u00a0\u00bb.vc_custom_1528964908409{padding-top: 15px !important;}\u00a0\u00bb][vc_column_inner offset=\u00a0\u00bbvc_col-md-12&Prime;][vc_column_text css=\u00a0\u00bb\u00a0\u00bb]<\/p>\n<p data-start=\"354\" data-end=\"504\">Adapt\u00e9es aux environnements professionnels plus formels ou aux m\u00e9tiers en contact avec le public. On y retrouve :<\/p>\n<p data-start=\"507\" data-end=\"544\">Chemises, polos, pantalons habill\u00e9s<\/p>\n<p data-start=\"547\" data-end=\"572\">Costumes professionnels<\/p>\n<p data-start=\"575\" data-end=\"610\">Tenues d\u2019h\u00f4tesses ou de r\u00e9ception<\/p>\n<p data-start=\"613\" data-end=\"665\">V\u00eatements personnalis\u00e9s aux couleurs de l\u2019entreprise<\/p>\n<p>[\/vc_column_text][\/vc_column_inner][\/vc_row_inner]<\/p>\n\t\t\t<\/div>\n\t\t<\/div>\n\t<\/div>\n<\/div>[\/vc_column][\/vc_row]<\/p>\n<\/div>","protected":false},"excerpt":{"rendered":"<p>[vc_row content_placement=\u00a0\u00bbmiddle\u00a0\u00bb css=\u00a0\u00bb.vc_custom_1542639509824{padding-top: 75px !important;padding-bottom: 75px !important;}\u00a0\u00bb el_id=\u00a0\u00bbservices\u00a0\u00bb][vc_column offset=\u00a0\u00bbvc_col-md-6&Prime;][\/vc_column][vc_column parallax=\u00a0\u00bbyes\u00a0\u00bb scale_from_x=\u00a0\u00bb1&Prime; scale_from_y=\u00a0\u00bb1&Prime; scale_from_z=\u00a0\u00bb1&Prime; from_opacity=\u00a0\u00bb1&Prime; scale_to_x=\u00a0\u00bb1&Prime;&#8230;<\/p>\n","protected":false},"author":1,"featured_media":0,"parent":0,"menu_order":0,"comment_status":"closed","ping_status":"closed","template":"","meta":{"footnotes":""},"class_list":["post-4431","page","type-page","status-publish","hentry"],"_links":{"self":[{"href":"https:\/\/www.trabulo.com\/index.php\/wp-json\/wp\/v2\/pages\/4431","targetHints":{"allow":["GET"]}}],"collection":[{"href":"https:\/\/www.trabulo.com\/index.php\/wp-json\/wp\/v2\/pages"}],"about":[{"href":"https:\/\/www.trabulo.com\/index.php\/wp-json\/wp\/v2\/types\/page"}],"author":[{"embeddable":true,"href":"https:\/\/www.trabulo.com\/index.php\/wp-json\/wp\/v2\/users\/1"}],"replies":[{"embeddable":true,"href":"https:\/\/www.trabulo.com\/index.php\/wp-json\/wp\/v2\/comments?post=4431"}],"version-history":[{"count":4,"href":"https:\/\/www.trabulo.com\/index.php\/wp-json\/wp\/v2\/pages\/4431\/revisions"}],"predecessor-version":[{"id":4440,"href":"https:\/\/www.trabulo.com\/index.php\/wp-json\/wp\/v2\/pages\/4431\/revisions\/4440"}],"wp:attachment":[{"href":"https:\/\/www.trabulo.com\/index.php\/wp-json\/wp\/v2\/media?parent=4431"}],"curies":[{"name":"wp","href":"https:\/\/api.w.org\/{rel}","templated":true}]}}