{"id":4451,"date":"2025-05-19T10:51:32","date_gmt":"2025-05-19T08:51:32","guid":{"rendered":"https:\/\/www.trabulo.com\/Trabulowp\/?page_id=4451"},"modified":"2025-05-19T10:53:41","modified_gmt":"2025-05-19T08:53:41","slug":"personnalise","status":"publish","type":"page","link":"https:\/\/www.trabulo.com\/index.php\/personnalise\/","title":{"rendered":"Personnalis\u00e9e"},"content":{"rendered":"<div class=\"wpb-content-wrapper\"><p>[vc_row content_placement=\u00a0\u00bbmiddle\u00a0\u00bb css=\u00a0\u00bb.vc_custom_1542639509824{padding-top: 75px !important;padding-bottom: 75px !important;}\u00a0\u00bb el_id=\u00a0\u00bbservices\u00a0\u00bb][vc_column offset=\u00a0\u00bbvc_col-md-6&Prime;]<div id=\"ld_images_group_container_69e372fa9b2e9\" class=\"liquid-img-group-container ld_images_group_container_69e372fa9b2e9\"  >\n\t<div class=\"liquid-img-group-inner\">\n\t\t<div id=\"ld_images_group_element_69e372fa9b43a\" class=\"liquid-img-group-single ld_images_group_element_69e372fa9b43a\" data-reveal=\"true\" data-reveal-options='{\"direction\":\"rl\",\"bgcolor\":\"rgb(23, 37, 49)\",\"delay\":\"\"}'>\n\t\n\t\t\n\t<div class=\"liquid-img-group-img-container\">\n\t\t\n\t\t\n\t\t\t\t\n\t\t\t\t<div class=\"liquid-img-container-inner\" >\n\t\t\t<figure ><img loading=\"lazy\" decoding=\"async\" width=\"1728\" height=\"972\" src=\"data:image\/svg+xml;charset=utf-8,&lt;svg xmlns%3D&#039;http%3A%2F%2Fwww.w3.org%2F2000%2Fsvg&#039; viewBox%3D&#039;0 0 1728 972&#039;%2F&gt;\" class=\"attachment-full size-full ld-lazyload\" alt=\"\" srcset=\"\" sizes=\"auto, (max-width: 1728px) 100vw, 1728px\" data-src=\"https:\/\/www.trabulo.com\/wp-content\/uploads\/2025\/05\/exemples-vitrophanie.jpg\" data-srcset=\"https:\/\/www.trabulo.com\/wp-content\/uploads\/2025\/05\/exemples-vitrophanie.jpg 1728w, https:\/\/www.trabulo.com\/wp-content\/uploads\/2025\/05\/exemples-vitrophanie-300x169.jpg 300w, https:\/\/www.trabulo.com\/wp-content\/uploads\/2025\/05\/exemples-vitrophanie-1024x576.jpg 1024w\" data-aspect=\"1.7777777777778\" \/><\/figure>\t\t\t\t\t<\/div><!-- \/.liquid-img-container-inner -->\n\t\t\n\t<\/div><!-- \/.liquid-img-group-content -->\n<\/div><!-- \/.liquid-img-group-single -->\n\t\n\t<\/div><!-- \/.liquid-img-group-inner -->\n<\/div><!-- \/.liquid-img-group-container -->[\/vc_column][vc_column parallax=\u00a0\u00bbyes\u00a0\u00bb scale_from_x=\u00a0\u00bb1&Prime; scale_from_y=\u00a0\u00bb1&Prime; scale_from_z=\u00a0\u00bb1&Prime; from_opacity=\u00a0\u00bb1&Prime; scale_to_x=\u00a0\u00bb1&Prime; scale_to_y=\u00a0\u00bb1&Prime; scale_to_z=\u00a0\u00bb1&Prime; to_opacity=\u00a0\u00bb1&Prime; enable_content_animation=\u00a0\u00bbyes\u00a0\u00bb ca_init_scale_x=\u00a0\u00bb1&Prime; ca_init_scale_y=\u00a0\u00bb1&Prime; ca_init_scale_z=\u00a0\u00bb1&Prime; ca_init_opacity=\u00a0\u00bb0&Prime; ca_an_scale_x=\u00a0\u00bb1&Prime; ca_an_scale_y=\u00a0\u00bb1&Prime; ca_an_scale_z=\u00a0\u00bb1&Prime; ca_an_opacity=\u00a0\u00bb1&Prime; offset=\u00a0\u00bbvc_col-md-offset-1 vc_col-md-5&Prime; ca_init_translate_y=\u00a0\u00bb39&Prime; translate_from_y=\u00a0\u00bb-58&Prime; translate_to_y=\u00a0\u00bb59&Prime;]<style>.ld_fancy_heading_69e372fa9d9b6 h2 {margin-bottom:0px !important;  } .ld_fancy_heading_69e372fa9d9b6 .lqd-highlight-inner{height:0.275em;bottom:0px;}.ld_fancy_heading_69e372fa9d9b6 h2 {margin-bottom:0px !important;  } <\/style><div class=\"ld-fancy-heading text-uppercase ld_fancy_heading_69e372fa9d9b6\">\n\t<h2 class=\"lqd-highlight-underline lqd-highlight-grow-left\" data-fittext=\"true\" data-fittext-options='{\"compressor\":0.5,\"maxFontSize\":\"currentFontSize\",\"minFontSize\":\"\"}'><span class=\"ld-fh-txt\"> Vitrophanie personnalis\u00e9e<\/span><\/h2><\/div><style>.ld_spacer_69e372fa9dc3e{height:15px;}<\/style>\n<div class=\"ld-empty-space ld_spacer_69e372fa9dc3e\"><span class=\"liquid_empty_space_inner\"><\/span><\/div><style>.ld_fancy_heading_69e372fa9dd8b h6{font-size:12px;letter-spacing:0.2em;color:rgb(63, 65, 71);}.ld_fancy_heading_69e372fa9dd8b h6 {margin-top:0px !important;  } .ld_fancy_heading_69e372fa9dd8b .lqd-highlight-inner{height:0.275em;bottom:0px;}.ld_fancy_heading_69e372fa9dd8b h6 {margin-top:0px !important;  } <\/style><div class=\"ld-fancy-heading text-uppercase ld_fancy_heading_69e372fa9dd8b\">\n\t<h6 class=\"lqd-highlight-underline lqd-highlight-grow-left\" ><span class=\"ld-fh-txt\"> <\/p>\n<p data-start=\"208\" data-end=\"465\">Transformez vos vitrages avec des cr\u00e9ations uniques sur mesure ! Nous vous proposons des vitrophanies enti\u00e8rement personnalis\u00e9es : logos, textes, motifs ou designs originaux. Faites de chaque vitre un support de communication ou de d\u00e9coration \u00e0 votre image.<\/p>\n<p><\/span><\/h6><\/div><style>.ld_spacer_69e372fa9df60{height:28px;}<\/style>\n<div class=\"ld-empty-space ld_spacer_69e372fa9df60\"><span class=\"liquid_empty_space_inner\"><\/span><\/div><style>.ld_fancy_heading_69e372fa9e08b .lqd-highlight-inner{height:0.275em;bottom:0px;}<\/style><div class=\"ld-fancy-heading ld_fancy_heading_69e372fa9e08b\">\n\t<p class=\"lqd-highlight-underline lqd-highlight-grow-left\" ><span class=\"ld-fh-txt\"> <\/p>\n<p data-start=\"511\" data-end=\"832\">La vitrophanie personnalis\u00e9e sur mesure permet d\u2019ajouter une touche personnelle \u00e0 vos vitrages tout en mettant en valeur votre identit\u00e9 visuelle. Que vous soyez une entreprise souhaitant afficher votre logo ou un particulier recherchant un design original, nous cr\u00e9ons des vitrophanies 100 % adapt\u00e9es \u00e0 vos besoins.<\/p>\n<p data-start=\"834\" data-end=\"1211\">Nous vous accompagnons dans la conception du design, en respectant vos attentes et votre style, que ce soit pour un espace professionnel (bureaux, commerces) ou priv\u00e9 (d\u00e9coration int\u00e9rieure, porte vitr\u00e9e).<\/p>\n<p><\/span><\/p><\/div><style>.ld_spacer_69e372fa9e1ff{height:43px;}<\/style>\n<div class=\"ld-empty-space ld_spacer_69e372fa9e1ff\"><span class=\"liquid_empty_space_inner\"><\/span><\/div><style>.vc_accordion_69e372fa9e419 .accordion-title{font-size:15px;font-weight:500;letter-spacing:0.2em;}<\/style><div class=\"accordion accordion-xs accordion-title-underlined vc_accordion_69e372fa9e419\" id=\"vc_accordion_69e372fa9e419\" role=\"tablist\" aria-multiselectable=\"true\">\n\n\t<div class=\"accordion-item panel  \">\n\n\t\t<div class=\"accordion-heading\" role=\"tab\" id=\"heading_1528963630592-47c7b540-a15b\">\n\t\t\t<h4 class=\"accordion-title\">\n\t\t\t\t<a class=\"collapsed\" data-toggle=\"collapse\" data-parent=\"#vc_accordion_69e372fa9e419\" href=\"#1528963630592-47c7b540-a15b\" aria-expanded=\"false\" aria-controls=\"1528963630592-47c7b540-a15b\">\n\t\t\t\t\t\n\t\t\t\t\t\n\t\t\t\t\tEntreprises\n\t\t\t\t\t\n\t\t\t\t<\/a>\n\t\t\t\t\n\t\t\t<\/h4>\n\t\t<\/div>\n\n\t\t<div id=\"1528963630592-47c7b540-a15b\" class=\"accordion-collapse collapse\" role=\"tabpanel\" aria-labelledby=\"heading_1528963630592-47c7b540-a15b\">\n\t\t\t<div class=\"accordion-content\">\n\t\t\t<p>[vc_row_inner css=\u00a0\u00bb.vc_custom_1747641897653{padding-top: -20px !important;}\u00a0\u00bb][vc_column_inner width=\u00a0\u00bb11\/12&Prime; offset=\u00a0\u00bbvc_col-md-12&Prime;][vc_column_text css=\u00a0\u00bb\u00a0\u00bb]<\/p>\n<p data-start=\"1028\" data-end=\"1379\">Nous proposons des solutions de vitrophanie sur mesure pour les entreprises : logos, slogans, informations commerciales ou \u00e9l\u00e9ments de branding. Que ce soit pour des vitrines, des portes, des parois ou des cloisons, cette personnalisation renforce votre image et assure une communication claire et percutante.<\/p>\n<h4 data-start=\"1381\" data-end=\"1423\"><\/h4>\n<p>[\/vc_column_text][\/vc_column_inner][\/vc_row_inner]<\/p>\n\t\t\t<\/div>\n\t\t<\/div>\n\t<\/div>\n\t<div class=\"accordion-item panel  \">\n\n\t\t<div class=\"accordion-heading\" role=\"tab\" id=\"heading_ld-1528965005956-9b9fe76c-8364\">\n\t\t\t<h4 class=\"accordion-title\">\n\t\t\t\t<a class=\"collapsed\" data-toggle=\"collapse\" data-parent=\"#vc_accordion_69e372fa9e419\" href=\"#ld-1528965005956-9b9fe76c-8364\" aria-expanded=\"false\" aria-controls=\"ld-1528965005956-9b9fe76c-8364\">\n\t\t\t\t\t\n\t\t\t\t\t\n\t\t\t\t\tParticuliers\n\t\t\t\t\t\n\t\t\t\t<\/a>\n\t\t\t\t\n\t\t\t<\/h4>\n\t\t<\/div>\n\n\t\t<div id=\"ld-1528965005956-9b9fe76c-8364\" class=\"accordion-collapse collapse\" role=\"tabpanel\" aria-labelledby=\"heading_ld-1528965005956-9b9fe76c-8364\">\n\t\t\t<div class=\"accordion-content\">\n\t\t\t<p>[vc_row_inner css=\u00a0\u00bb.vc_custom_1528964908409{padding-top: 15px !important;}\u00a0\u00bb][vc_column_inner offset=\u00a0\u00bbvc_col-md-12&Prime;][vc_column_text css=\u00a0\u00bb\u00a0\u00bb]<\/p>\n<p data-start=\"1424\" data-end=\"1809\">Offrez \u00e0 vos espaces priv\u00e9s une d\u00e9coration unique et originale avec des vitrophanies personnalis\u00e9es. Que ce soit pour un design moderne sur vos fen\u00eatres, une s\u00e9paration de pi\u00e8ce cr\u00e9ative ou un \u00e9l\u00e9ment d\u00e9coratif original, la vitrophanie sur mesure vous permet de r\u00e9aliser vos id\u00e9es. Cr\u00e9ez une ambiance \u00e0 votre image, tout en b\u00e9n\u00e9ficiant de l\u2019\u00e9l\u00e9gance et de la luminosit\u00e9 du verre.<\/p>\n<p>[\/vc_column_text][\/vc_column_inner][\/vc_row_inner]<\/p>\n\t\t\t<\/div>\n\t\t<\/div>\n\t<\/div>\n<\/div>[\/vc_column][\/vc_row]<\/p>\n<\/div>","protected":false},"excerpt":{"rendered":"<p>[vc_row content_placement=\u00a0\u00bbmiddle\u00a0\u00bb css=\u00a0\u00bb.vc_custom_1542639509824{padding-top: 75px !important;padding-bottom: 75px !important;}\u00a0\u00bb el_id=\u00a0\u00bbservices\u00a0\u00bb][vc_column offset=\u00a0\u00bbvc_col-md-6&Prime;][\/vc_column][vc_column parallax=\u00a0\u00bbyes\u00a0\u00bb scale_from_x=\u00a0\u00bb1&Prime; scale_from_y=\u00a0\u00bb1&Prime; scale_from_z=\u00a0\u00bb1&Prime; from_opacity=\u00a0\u00bb1&Prime; scale_to_x=\u00a0\u00bb1&Prime;&#8230;<\/p>\n","protected":false},"author":1,"featured_media":0,"parent":0,"menu_order":0,"comment_status":"closed","ping_status":"closed","template":"","meta":{"footnotes":""},"class_list":["post-4451","page","type-page","status-publish","hentry"],"_links":{"self":[{"href":"https:\/\/www.trabulo.com\/index.php\/wp-json\/wp\/v2\/pages\/4451","targetHints":{"allow":["GET"]}}],"collection":[{"href":"https:\/\/www.trabulo.com\/index.php\/wp-json\/wp\/v2\/pages"}],"about":[{"href":"https:\/\/www.trabulo.com\/index.php\/wp-json\/wp\/v2\/types\/page"}],"author":[{"embeddable":true,"href":"https:\/\/www.trabulo.com\/index.php\/wp-json\/wp\/v2\/users\/1"}],"replies":[{"embeddable":true,"href":"https:\/\/www.trabulo.com\/index.php\/wp-json\/wp\/v2\/comments?post=4451"}],"version-history":[{"count":2,"href":"https:\/\/www.trabulo.com\/index.php\/wp-json\/wp\/v2\/pages\/4451\/revisions"}],"predecessor-version":[{"id":4453,"href":"https:\/\/www.trabulo.com\/index.php\/wp-json\/wp\/v2\/pages\/4451\/revisions\/4453"}],"wp:attachment":[{"href":"https:\/\/www.trabulo.com\/index.php\/wp-json\/wp\/v2\/media?parent=4451"}],"curies":[{"name":"wp","href":"https:\/\/api.w.org\/{rel}","templated":true}]}}